{"id":210,"date":"2008-10-22T02:37:12","date_gmt":"2008-10-22T00:37:12","guid":{"rendered":"http:\/\/www.quisquilia.net\/nova_blog\/wordpress\/?page_id=210"},"modified":"2014-09-03T12:00:04","modified_gmt":"2014-09-03T10:00:04","slug":"cd2008","status":"publish","type":"page","link":"https:\/\/www.quisquilia.net\/nova_blog\/wordpress\/cd2008","title":{"rendered":"2008"},"content":{"rendered":"<p><em>Konzerte, die ich anno Domini 2008 besuchte:<\/em><\/p>\n<p>16.01. &#8211; Ausland:<br \/>\nJohn Wiese \/ Sudden Infant<\/p>\n<p>25.01. &#8211; Volksb\u00fchne, Berlin &#8211; <em>CTM.08-Er\u00f6ffnungskonzert<\/em>:<br \/>\nPierre Henry (<a href=\"http:\/\/www.de-bug.de\/mag\/5411.html\">Interview<\/a>)<\/p>\n<p>25.01. &#8211; <em>(im Anschlu\u00df)<\/em> Maria am Ostbahnhof, Berlin &#8211; <em>CTM.08<\/em>:<br \/>\nCobula \/ Ebony Bones \/ Jahcoozi \/ Beezeboe \/ Detroit Grand Pubahs \/ Sick Girls \/ !Wowow! Collective<\/p>\n<p>23.02. &#8211; Turm der ehem. Kindl-Brauerei, Berlin-Neuk\u00f6lln:<br \/>\nSchafe auf der Wiese \/ Kollektiv Ost u.a. DJs [<a href=\"http:\/\/47421.forumromanum.com\/member\/forum\/forum.php?q=party_feb-helden_nacht&#038;action=std_show&#038;entryid=1102860632&#038;USER=user_47421&#038;threadid=2\">Ank\u00fcndigung<\/a>] <em>(nach einem Abend im Tanzngen mit Franzi)<\/em><\/p>\n<p>07.03. &#8211; Kato am Schlesischen Tor, Berlin:<br \/>\nThe Dillinger Escape Plan \/ <a href=\"http:\/\/www.youtube.com\/watch?v=qgXy0bLJkp8\">Poison the Well<\/a> \/ Stolen Babies<\/p>\n<p>09.03. &#8211; Berghain, Berlin:<br \/>\nSND \/ Autechre (<a href=\"http:\/\/www.de-bug.de\/musik\/index.php?ID=4217\">Bericht<\/a>)<\/p>\n<p>21.03. &#8211; Salon Bruit:<br \/>\nLise-Lotte Norelius \/ Jason Robinson &amp; Ostear \/ Christian Pincock<\/p>\n<p>28.03. &#8211; Ausland &#8211; <em>Tochnit Aleph<\/em>:<br \/>\nJ\u00fcrgen Eckloff \/ Column One \/ Omnilemma \/ Kouhei Matsunaga \/ Crank Sturgeon<\/p>\n<p>04.04. &#8211; Ausland:<br \/>\nLucio Capece \/ CJ Boyd Sexxxtet<\/p>\n<p>27.04. &#8211; Postbahnhof, Berlin:<br \/>\nToboggan \/ A Silver Mt. Zion<\/p>\n<p>30.04. &#8211; Ausland &#8211; <em>Benefit Concert for Andrew D&#8217;Angelo<\/em>:<br \/>\nMoHa! \/ Clare Cooper &amp; Clayton Thomas \/ Tofutron<\/p>\n<p>09.05. &#8211; Maria am Ostbahnhof, Berlin &#8211; <em>Overkill<\/em>:<br \/>\nClark, DJ Scotch Egg, Droon, Venetian Snares, N&gt;e&gt;d (i.e. <a href=\"http:\/\/www.littlebig.org.uk\/\">Ned Beckett<\/a>) (<a href=\"http:\/\/www.photophunk.com\/archiv\/2008_05_09_maria\/\">Bilder<\/a>)<\/p>\n<p>16.05. &#8211; Salon Bruit:<br \/>\nBen Owen \/ Gilles Aubry<\/p>\n<p>14.06. &#8211; Alberto Ukebana &#8211; <em>DKFRF: Through the Mazes of the Map<\/em>:<br \/>\nKoen Holtkamp \/ Stephane Leonard \/ Daily<\/p>\n<p>22.06. &#8211; <em>Biegungen im Ausland: Schachspiel in der Uckermark<\/em>:<br \/>\nDieb13, Steve Beresford &amp; <a href=\"http:\/\/www.studiobeige.de\/nb.php?sid=379044&amp;c=22&amp;p=22\">Nicholas Bussmann<\/a><\/p>\n<p>05.07. &#8211; Rundfunkhaus Nalepastra\u00dfe, Berlin &#8211; <em>Tuned City: Labyrinthitis<\/em>:<br \/>\nJan-Peter Sonntag \/ Jacob Kirkegaard (<a href=\"http:\/\/www.tunedcity.de\/?page_id=269\">Konzept<\/a>: otoakustische Komposition)<\/p>\n<p>07.08. &#8211; Valentin St\u00fcberl, Berlin:<br \/>\nRinus van Alebeek &amp; Adam Thomas<\/p>\n<p>13.08. &#8211; Tempodrom, Berlin:<br \/>\n\u00d3lafur Arnalds \/ Sigur R\u00f3s<\/p>\n<p>23.08. &#8211; The Stone NYC:<br \/>\nThurston Moore, Susan Alcorn &amp; Ryan Sawyer<\/p>\n<p>11.10. &#8211; Electronic Church:<br \/>\nAllseits \/ Feine Trinkers bei Pinkels Daheim \/ Hatz<\/p>\n<p>16.10. &#8211; <em>Biegungen im Ausland<\/em>:<br \/>\n<a href=\"http:\/\/zangimusic.de\/index.php?s=02-ignaz\">Ignaz Schick<\/a>, Christoph Heemann &amp; Marcel T\u00fcrkowsky<\/p>\n<p>25.10. &#8211; Helene P., Stuttgart &#8211; <em><a href=\"http:\/\/www.virginwitch.de\/HoneyDoom.htm\">HoneyDoom<\/a> &#8211; Wedding Night<\/em>:<br \/>\nEarth Flight \/ Midryasi \/ Doomraiser \/ Black Shape of Nexus (B.Son)<\/p>\n<p>31.12. &#8211; Hellraiser, Leipzig &#8211; <em>Apokalyptik Folk <a href=\"http:\/\/silvester.neofolk.de\/\">Silvesterkonzert 2008<\/a><\/em>:<br \/>\nApoptose \/ Ianva \/ Ataraxia<\/p>\n<p><em>&gt;&gt;&gt; <a href=\"http:\/\/www.quisquilia.net\/nova_blog\/wordpress\/concerti-divertimenti\">Zur\u00fcck<\/a><\/em><\/p>\n","protected":false},"excerpt":{"rendered":"<p>Konzerte, die ich anno Domini 2008 besuchte: 16.01. &#8211; Ausland: John Wiese \/ Sudden Infant 25.01. &#8211; Volksb\u00fchne, Berlin &#8211; CTM.08-Er\u00f6ffnungskonzert: Pierre Henry (Interview) 25.01. &#8211; (im Anschlu\u00df) Maria am Ostbahnhof, Berlin &#8211; CTM.08: Cobula \/ Ebony Bones \/ Jahcoozi \/ Beezeboe \/ Detroit Grand Pubahs \/ Sick Girls \/ !Wowow! Collective 23.02. &#8211; Turm [&hellip;]<\/p>\n","protected":false},"author":1,"featured_media":0,"parent":0,"menu_order":0,"comment_status":"open","ping_status":"open","template":"","meta":[],"_links":{"self":[{"href":"https:\/\/www.quisquilia.net\/nova_blog\/wordpress\/wp-json\/wp\/v2\/pages\/210"}],"collection":[{"href":"https:\/\/www.quisquilia.net\/nova_blog\/wordpress\/wp-json\/wp\/v2\/pages"}],"about":[{"href":"https:\/\/www.quisquilia.net\/nova_blog\/wordpress\/wp-json\/wp\/v2\/types\/page"}],"author":[{"embeddable":true,"href":"https:\/\/www.quisquilia.net\/nova_blog\/wordpress\/wp-json\/wp\/v2\/users\/1"}],"replies":[{"embeddable":true,"href":"https:\/\/www.quisquilia.net\/nova_blog\/wordpress\/wp-json\/wp\/v2\/comments?post=210"}],"version-history":[{"count":12,"href":"https:\/\/www.quisquilia.net\/nova_blog\/wordpress\/wp-json\/wp\/v2\/pages\/210\/revisions"}],"predecessor-version":[{"id":222,"href":"https:\/\/www.quisquilia.net\/nova_blog\/wordpress\/wp-json\/wp\/v2\/pages\/210\/revisions\/222"}],"wp:attachment":[{"href":"https:\/\/www.quisquilia.net\/nova_blog\/wordpress\/wp-json\/wp\/v2\/media?parent=210"}],"curies":[{"name":"wp","href":"https:\/\/api.w.org\/{rel}","templated":true}]}}